 2*g, -4*g = 5*d - 30. Suppose -d*m = m + 12. Let t = m - -4. Let n(s) = s**2 - s - 8. Calculate n(t).
-8
Let z(i) = -i**3 + 2*i**2 - 2. Let v be ((-1)/(-4))/((-3)/(-36)). Let g be 1 - -1*5 - 1. Suppose 0 = 4*s - g - v. Calculate z(s).
-2
Let t(o) = -o**3 - 4*o**2 + 6*o. Suppose -2*n = n + 15. Calculate t(n).
-5
Let z = 16 - 14. Suppose 3 = -2*g + 3*g. Let s(n) = -4*n**z + 2*n + g*n**2 - 6*n. Calculate s(-2).
4
Let d(w) = 5*w**3. Suppose 5*s = 2*p - 23, -2*s - 24 = 5*p - 9. What is d(p)?
-5
Suppose 6*h - 16 = 2*h. Let b(u) = -2*u**2 - 10*u + 2. Let y(z) = z**2 + z + 1. Let g(r) = b(r) + 3*y(r). Calculate g(h).
-7
Let z(f) = -7*f - 40 + f**2 + 23 + 24. Let i be 1/(-3) + (-32)/(-6). Determine z(i).
-3
Let f(s) = s**3 - 4. Let x = -2 + 2. Let t be f(x). Let w(y) = y**2 + 6*y + 1. What is w(t)?
-7
Let s(o) = o**3 - o**2 - o - 1. Suppose -3*w + 5*w - 8 = -5*g, -5*w = 3*g - 1. Determine s(w).
-2
Let g(r) = -8*r + 1. Let f = 67 - 69. Let n(c) = -5*c + 3. Let d(t) = -9*t + 7. Let u(y) = -2*d(y) + 5*n(y). Let h(i) = f*u(i) + 3*g(i). What is h(1)?
-9
Let o(r) = -2*r**3 + 3*r - 9 + 3*r**3 + 4*r + 5 - 7*r**2. Give o(6).
2
Let v = 0 - 0. Suppose -4*t - 2*x - x + 57 = v, 4*x = t - 19. Let c = -11 + t. Let y(u) = -u**3 + 3*u**2 + 6*u - 4. Calculate y(c).
4
Let x(z) = z**3 - 2*z**2 + z - 4. Suppose k - 4*g - 11 = -0*g, -5*k = 2*g - 11. What is x(k)?
8
Let u(c) = -c + 3 + 0 - 3 + 1. Let f(y) = y + 11. Let i be f(-6). Give u(i).
-4
Let l(a) = -a - 1. Suppose -9 = c + 4*j, -c + 7*j = 2*j - 27. Let x = c - 6. Suppose -x = t - 2. Determine l(t).
-2
Let v(b) = b**3 + 4*b**2 + 3*b. Let r(n) = -n. Let k be r(0). Suppose y + 0*a - a = 3, 5*a + 7 = y. Suppose -t + k = y. Calculate v(t).
2
Suppose -r + 0*j = 3*j + 3, -j = -4*r + 1. Let g(v) = -v**2 - 11. Determine g(r).
-11
Let x(z) = -28*z**2 + 0 + 3 + z + 27*z**2. Calculate x(3).
-3
Let u(s) = -s**2 + 2. Suppose a + 3*a = 0. Let r be a + -4*3/6. Determine u(r).
-2
Let n(p) = -p + 3. Let f be n(-3). Let l(o) = -22*o**2 - 9 + 4 + 8*o - 4 + 21*o**2. Determine l(f).
3
Let z(d) = d**2. Suppose 0 = 3*q - 4*t + 14, -4*q = q + 2*t + 6. Suppose -3 = 2*a - p - 0*p, 5*p - 7 = 2*a. Let h be ((a - -4) + q)*-1. Give z(h).
1
Let p be (-4)/(-8) + (-15)/(-2). Let f(v) = -v**2 + 8*v + 1. Give f(p).
1
Let a(n) = n - 3. Let v(d) = -6*d - 2. Let c be v(-2). Let m = 1 - -4. Suppose 2*x - 16 = -x - u, x - c = -m*u. Determine a(x).
2
Let h(p) = 3*p**2 + 3*p - 4. Let a(n) = -n**2 - n. Suppose 3*r + f + 10 = 0, -10 = r + f + f. Let j(k) = r*a(k) - h(k). Determine j(0).
4
Let d(w) = -w - 3. Let s(t) = t**3 - 4*t**2 + 4*t. Let c be s(3). Suppose -c = -i + 2. Suppose 2*b = -i + 1. Calculate d(b).
-1
Let t be 1/3 - 8/6. Let c(v) = v**2 + 3. Let i(n) = 48*n**2 + 108. Let q(w) = 36*c(w) - i(w). What is q(t)?
-12
Let q(o) be the third derivative of -o**6/120 - o**5/10 - o**4/6 + 5*o**3/6 + 33*o**2. Calculate q(-6).
29
Let l(p) = -p**3 - 2*p**2 - 4. Let i = -12 + 24. Let j be -1 - 4/i*6. Calculate l(j).
5
Let f(s) be the second derivative of s**4/12 + s**3/6 + 2*s**2 - 6*s. Let r be f(0). Let i(x) = x**3 - 4*x**2 - 2. What is i(r)?
-2
Let h(v) = -4*v - 3. Let u be h(-2). Let k(o) = -2*o - 3 + 8 + 2. What is k(u)?
-3
Let v(k) = -k**2 - 11*k + 6. Let l be v(-12). Let p(o) = -2*o - 8. What is p(l)?
4
Let w(p) = -p**3 - 4*p**2 + 4. Let r be 3/1 - (-8)/2. Suppose i = 3*v + r, 0*v + v + i + 1 = 0. Let q be v/((-1)/(-3)*2). What is w(q)?
-5
Suppose 9 + 7 = -4*q. Let y(w) = -w**3 - 6*w**2 - 6*w. Calculate y(q).
-8
Let b(u) = 4*u**3 + u**2 - 3*u**3 - u - 2*u**2. Let v = 168 + -166. What is b(v)?
2
Let m(w) = w**2 + 2. Let a = 66 - 44. Let o be (-1)/1 + -1 + a. Suppose -2*t + 5*b = -o, -b = t + 5 - 1. What is m(t)?
2
Let x(z) = z + 2. Let i(m) = -3*m - 6. Let y(t) = 6*i(t) + 17*x(t). Suppose -20 = 5*q - 0. Give y(q).
2
Let i(r) be the first derivative of -2/3*r**3 - 2*r + 6 - 1/2*r**2. Calculate i(-2).
-8
Let q(l) = l**2 - 12*l - 3. Let v = -85 - -97. What is q(v)?
-3
Suppose -4*t = 7 - 19. Let s(j) = -3*j**3 + 2*j**2 - 2 + 2*j**t - j**2. Determine s(0).
-2
Suppose 3*m - 34 = 4*v, 2*v + 17 + 21 = 5*m. Let p(h) = h**2 - 5*h - 1. Give p(m).
5
Let l(g) = -g**3 - 6*g**2 + 7*g - 3. Let b be l(-7). Let u(i) = i**3 - i. What is u(b)?
-24
Let n(o) = o + 4. Let t(v) = v**3 - 3*v**2 + 2*v + 1. Let f be t(3). Let z = f - 13. Calculate n(z).
-2
Let m(x) = x**3 + 3*x**2 + 4*x + 4. Let i = -11 + 8. Determine m(i).
-8
Let x(d) = d**2 + 13*d - 2. Let r be 3 + -15 + (-1)/1. Let c be x(r). Let i(k) = -5*k - 2. Calculate i(c).
8
Let v(t) be the first derivative of 0*t**2 + 11/3*t**3 + 0*t - 2. Calculate v(1).
11
Let h be ((-3)/2)/(6/(-8)). Let y(l) = -l - 1. Let q(c) = 2*c + 1. Let t(i) = -3*q(i) - 2*y(i). Give t(h).
-9
Let y(c) = -c + 1. Let v(u) = -u**2 + 2*u + 7. Let t(f) = v(f) - 5*y(f). Determine t(7).
2
Let b(t) = t**3 - 5*t**2 - 6*t + 4. Let q be b(6). Let j(a) = q*a**3 + 0 - 2 + 1 + 3*a**2 - 2*a**3. Let l(h) = h + 2. Let x be l(-4). Determine j(x).
-5
Let d(v) = -v**2 - 2*v - 2. Let q(a) = -a**2 - 9*a - 9. Let z be q(-7). Suppose -5*r + 4 = -11, -3*g - z*r = -6. Calculate d(g).
-5
Let o(v) = -5*v**2. Let p(n) = n**3 + 1. Let m be p(0). Let j be -2 - (-5 + 2 + -3). Suppose m = -j*b - 3. What is o(b)?
-5
Let u(m) = -m - 6. Let r(t) = 2*t + 7. Suppose 5 = -2*l - 1. Let v(w) = l*u(w) - 2*r(w). Determine v(3).
1
Let f(q) be the second derivative of q**5/20 + 7*q**4/12 - q**3/6 + 3*q**2 - 13*q. Calculate f(-7).
13
Suppose 4*o - 32 = -3*z + 5*z, 5*o = 5*z + 45. Let s(t) = -t**2 + 8*t - 9. What is s(o)?
-2
Suppose -v - v = -4. Let d(b) = 2 - v + 2*b. What is d(-3)?
-6
Let n(s) = -s**2 - 7*s - 4. Let c(y) = -y**2 - 4*y + 5. Let l be c(-5). Suppose -12 = -l*w + 2*w. What is n(w)?
2
Let c be 1*(-5)/(5/(-2)). Suppose -4*d = c + 2. Let t = -2 - d. Let a(l) = 6*l**3 + 2*l**2 + l. What is a(t)?
-5
Suppose -5*v + s - 2*s = -15, -2*s = 2*v + 2. Let y be (1 - 5) + (v - 2). Let x(l) = -l**3 - 4*l**2 - 2*l + 1. Calculate x(y).
-3
Let o(j) = j**2 + 5*j. Suppose -10*k - 42 = -3*k. What is o(k)?
6
Suppose -n - 4 = -3*m + 7, 3*m - 2*n - 13 = 0. Let t(b) = 0*b**2 + 0*b**m + 3*b**2 - 3 + b**3 - 5*b**2 + 2*b. Determine t(2).
1
Let m(o) = o + 1. Suppose 3*j - 11 = 7. Let b = -7 + j. Give m(b).
0
Let q(o) = 3*o**3 - 5*o**2 - 2*o**2 - 2*o**3 + 2 + 5*o. Calculate q(6).
-4
Let s(a) = a**3 - a**2 - 3*a + 1. Suppose q = -0*q + 2*d + 2, 3*d = -9. Let u(r) = r + 6. Let p be u(q). Give s(p).
-1
Let c(k) = k**2 - 5. Let p be c(-3). Let f(s) = s**2 - 5*s - 2. Determine f(p).
-6
Let f be (-2 - (-7)/3)/((-10)/(-120)). Let l(z) be the second derivative of 0 - 3/2*z**2 + z**3 - z - 1/12*z**4. Calculate l(f).
5
Let k(t) = t**3 - 4*t**2 - t + 2. Suppose 0 = 2*z + 6, 0 = -4*n - z - 10 - 1. Let x be 2 + (2 - 0/n). What is k(x)?
-2
Let i(t) be the third derivative of -t**4/24 - 7*t**3/6 + 17*t**2. Calculate i(-9).
2
Let u(t) = 2*t**2 + t + t**2 - 7 - 4*t**2. Suppose -3*i - 4*q = -8, -i + 6 = 3*i + 3*q. Let a be -2 + (1 - -1) + i. Calculate u(a).
-7
Let o(j) = -7*j**2 + j. Let h = 9 - 4. Let c(l) = 4*l - 2. Let v be c(h). Suppose 0*z + 2*d = 5*z + 13, -2*z = -4*d + v. What is o(z)?
-8
Suppose 12*a - 4 = 8. Let t(b) = 11*b**2 - 1. Calculate t(a).
10
Let j = 8 - 4. Suppose -5*f + 16 = 4*m, 5 = -2*f + m + 1. Let t(z) = 2*z**3 + 1 + 1 - z**3 + f*z**3 - 3*z**2 - 5*z. Determine t(j).
-2
Let v(o) = -6*o**2 + 9*o - 9. Let w(i) = 7*i**2 - 10*i + 10. Let h(u) = -6*v(u) - 5*w(u). Calculate h(4).
4
Let c(r) = 8*r + 3. Let m = -50 + 48. Calculate c(m).
-13
Suppose 4*q - 7 = 5. Let t be 3/(3/(6 - q)). Let p(x) = 3 - 3*x + 2*x - t - 1. Give p(0).
-1
Let u(i) = i**3 - 5*i**2 - 6*i. Let h be u(6). Suppose -2*t = -h*t + 8. Let m(l) = -l**3 - 4*l**2 - l. Calculate m(t).
4
Let g(t) = -6*t + 1. Let z be (-2)/4*(-3 - 1). Suppose 4*c = -c + 4*q + 18, 5*c + 4*q - z = 0. Give g(c).
-11
Let z(w) be the second derivative of -w**4/12 - w**3/3 + 3*w**2/2 + 9*w. Calculate z(-5).
-12
Let f(k) = 5*k - 134*k**3 + 135*k**3 - 5*k**2 - 5 - 1. Let v = -4 - -8. Calculate f(v).
-2
Suppose 0 = 3*y + 2*t - 3*t + 6, -3*t = -3*y. Let b(z) = z**2 - 1. Determine b(y).
8
Suppose -14 = -2*m - 4*g, -2*m = -0*m + g - 11. Let u(n) = n**2 + 3*n - 6. Let j(y) = -3*y**2 - 8*y + 17. Let a(q) = -6*j(q) - 17*u(q). Determine a(m).
10
Suppose -3*l = 6 + 3. Let r(x) be the